NOAA-Style Climate Reports

Select a Year or Month report
2024: Jan Feb Mar Apr May Jun Jul Aug Sep Oct Nov Dec
2023: Jan Feb Mar Apr May Jun Jul Aug Sep Oct Nov Dec
2022: Jan Feb Mar Apr May Jun Jul Aug Sep Oct Nov Dec
2021: Jan Feb Mar Apr May Jun Jul Aug Sep Oct Nov Dec
2020: Jan Feb Mar Apr May Jun Jul Aug Sep Oct Nov Dec
2019: Jan Feb Mar Apr May Jun Jul Aug Sep Oct Nov Dec

Report for 2019 October

Daily NOAA report



                            MONTHLY CLIMATOLOGICAL SUMMARY for OCT. 2019

NAME: SatelliteGuys   CITY: Newington STATE: Connecticut
ELEV: 0 LAT: 041:41:00 LONG: 0072:43:00

                            TEMPERATURE ( °F), RAIN (in.), WIND SPEED (mph)

                                               HEAT     COOL           AVG
      MEAN                                     DEG      DEG            WIND                      DOM
DAY   TEMP    HIGH   TIME     LOW    TIME      DAYS     DAYS    RAIN   SPEED   HIGH    TIME      DIR
--------------------------------------------------------------------------------------------------------
01    65.0   078.2   17:01    57.4   03:14     00.0     00.1   00.20   001     012    12:09      S 
02    71.7   086.4   13:58    55.9   23:34     00.0     06.8   00.00   002     015    14:21      N 
03    51.9   056.2   01:05    49.9   21:44     13.0     00.0   00.20   001     009    02:17      NE
04    53.3   060.1   15:28    46.6   00:00     11.6     00.0   00.03   002     020    10:38      N 
05    47.3   061.4   16:55    36.5   08:04     17.6     00.0   00.00   001     007    15:14      N 
06    55.7   067.3   22:43    40.2   01:32     09.3     00.0   00.00   001     012    22:29      S 
07    68.3   075.9   13:28    58.7   00:00     00.0     03.3   00.42   003     022    12:25      S 
08    56.9   060.7   16:53    51.0   23:57     08.0     00.0   00.01   001     006    13:01     NNE
09    51.0   053.6   03:02    49.3   09:57     13.9     00.0   00.24   003     008    23:30     NNE
10    55.7   062.5   15:25    49.9   00:12     09.2     00.0   00.00   004     014    13:52     NNE
11    55.2   060.2   16:22    51.0   06:28     09.8     00.0   00.00   004     014    17:10     NNE
12    55.1   061.5   17:21    50.8   23:31     09.8     00.0   00.00   002     009    05:15     NNE
13    55.8   066.8   16:35    48.4   08:15     09.2     00.0   00.00   001     009    09:37      NW
14    56.7   071.7   14:59    46.4   06:38     08.3     00.0   00.00   001     008    17:13     SSW
15    51.1   063.5   17:11    40.7   08:10     13.9     00.0   00.00   001     009    12:21      W 
16    50.0   062.6   14:03    37.3   07:31     14.9     00.0   00.94   001     012    19:24     ENE
17    51.9   057.1   01:08    48.2   06:30     13.0     00.0   00.17   005     033    11:53     WSW
18    51.3   057.8   13:37    46.9   00:00     13.7     00.0   00.00   003     020    01:37      NW
19    47.6   063.8   16:58    35.8   08:11     17.4     00.0   00.00   001     010    14:06      W 
20    46.1   056.0   15:18    35.5   08:03     18.8     00.0   00.09   000     003    20:38      W 
21    54.1   066.5   16:29    46.8   07:20     10.8     00.0   00.01   001     008    13:04     NNE
22    52.1   056.7   16:30    45.9   03:33     12.9     00.0   00.10   001     005    13:27     NNE
23    56.7   065.9   16:22    45.2   00:00     08.3     00.0   00.13   001     016    11:37      NW
24    52.1   067.6   14:20    38.3   08:23     12.9     00.0   00.00   001     017    16:16     SSW
25    53.4   065.4   15:20    42.5   08:26     11.5     00.0   00.00   000     005    16:40     SSW
26    52.7   060.4   15:55    45.2   07:44     12.2     00.0   00.00   001     012    10:56      NE
27    50.2   053.8   15:45    47.7   22:11     14.7     00.0   01.15   001     009    18:20     NNE
28    54.0   062.1   15:37    48.7   00:09     10.9     00.0   00.00   001     007    19:16      N 
29    53.7   057.7   16:20    49.8   07:57     11.2     00.0   00.05   000     005    15:54      SE
30    58.4   062.1   14:17    55.1   06:57     06.5     00.0   00.09   000     003    20:29      W 
--------------------------------------------------------------------------------------------------------
54.5 (55.1)   86.4  day 02     35.5  day 20   323.3    010.2   03.83   01.5     033   day 17     N
Max >  86: 1
Min <  86: 30
Max Rain: 1.15 ON 27-10-19
Days of Rain: 15 (> .008in) 11 (> .08in) 2 (> 0.8in)



Number of visitors since April 1, 2024
Free Website Hit Counter
Free website hit counter