NOAA-Style Climate Reports

Select a Year or Month report
2024: Jan Feb Mar Apr May Jun Jul Aug Sep Oct Nov Dec
2023: Jan Feb Mar Apr May Jun Jul Aug Sep Oct Nov Dec
2022: Jan Feb Mar Apr May Jun Jul Aug Sep Oct Nov Dec
2021: Jan Feb Mar Apr May Jun Jul Aug Sep Oct Nov Dec
2020: Jan Feb Mar Apr May Jun Jul Aug Sep Oct Nov Dec
2019: Jan Feb Mar Apr May Jun Jul Aug Sep Oct Nov Dec

Report for 2024 May

Daily noaa report



                            MONTHLY CLIMATOLOGICAL SUMMARY for MAY. 2024

NAME: SatelliteGuys   CITY: Newington STATE: Connecticut
ELEV: 0 LAT: 041:41:00 LONG: 0072:43:00

                            TEMPERATURE ( °F), RAIN (in.), WIND SPEED (mph)

                                               HEAT     COOL           AVG
      MEAN                                     DEG      DEG            WIND                      DOM
DAY   TEMP    HIGH   TIME     LOW    TIME      DAYS     DAYS    RAIN   SPEED   HIGH    TIME      DIR
--------------------------------------------------------------------------------------------------------
01    58.0   073.3   15:28    50.3   00:00     07.0     00.0   00.03   001     008    14:56      E 
02    61.6   076.0   16:06    48.9   02:22     03.3     00.0   00.00   002     015    19:37      S 
03    56.6   066.5   15:39    49.5   00:00     08.4     00.0   00.00   001     010    18:26      E 
04    54.5   070.2   14:31    42.9   06:15     10.4     00.0   00.00   001     013    15:13      S 
05    48.6   052.2   13:23    47.5   04:31     16.3     00.0   00.53   000     008    10:34     SSE
06    60.7   074.4   16:06    48.1   00:18     04.3     00.0   00.01   000     007    18:47     SSW
07    67.0   081.2   17:06    50.6   06:21     00.0     02.0   00.00   001     010    15:25      N 
08    64.1   078.8   15:52    53.6   05:27     00.9     00.0   00.37   001     020    16:19      S 
09    60.2   069.9   16:54    51.8   05:53     04.7     00.0   00.00   001     010    09:57      NE
10    52.3   058.0   14:04    46.7   23:57     12.7     00.0   00.19   001     010    11:37     ENE
11    50.7   062.1   13:08    37.9   05:53     14.2     00.0   00.00   001     009    12:05     ESE
12    52.2   060.0   17:03    45.4   06:26     12.8     00.0   00.00   001     010    13:37     WSW
13    56.6   072.1   15:11    42.4   06:23     08.4     00.0   00.00   001     013    18:02      SW
14    63.8   078.5   14:44    52.0   05:54     01.1     00.0   00.00   001     016    14:42      S 
15    61.2   064.9   13:42    58.6   00:00     03.7     00.0   00.30   001     010    17:19      E 
16    59.3   063.2   19:19    57.1   07:33     05.6     00.0   01.11   002     013    19:04      NE
17    64.4   074.7   17:01    55.3   06:10     00.6     00.0   00.00   002     012    21:58     ENE
18    58.8   062.5   14:29    55.7   05:09     06.1     00.0   00.01   001     012    15:12      NE
19    62.1   068.2   16:29    56.6   00:00     02.9     00.0   00.00   002     010    10:58      NE
20    63.5   079.0   17:17    52.4   04:12     01.5     00.0   00.00   001     009    17:56     ESE
21    67.4   084.3   16:31    55.2   04:21     00.0     02.4   00.00   001     013    18:04      S 
22    72.1   087.7   15:24    58.6   06:06     00.0     07.2   00.00   001     014    16:09      S 
--------------------------------------------------------------------------------------------------------
59.8 (60.8)   87.7  day 22     37.9  day 11   124.8    011.6   02.55   01.1     020   day 08     ESE
Max >  86: 1
Min <  86: 22
Max Rain: 1.11 ON 16-05-24
Days of Rain: 8 (> .008in) 5 (> .08in) 1 (> 0.8in)



Number of visitors since April 1, 2024
Free Website Hit Counter
Free website hit counter