NOAA-Style Climate Reports

Select a Year or Month report
2024: Jan Feb Mar Apr May Jun Jul Aug Sep Oct Nov Dec
2023: Jan Feb Mar Apr May Jun Jul Aug Sep Oct Nov Dec
2022: Jan Feb Mar Apr May Jun Jul Aug Sep Oct Nov Dec
2021: Jan Feb Mar Apr May Jun Jul Aug Sep Oct Nov Dec
2020: Jan Feb Mar Apr May Jun Jul Aug Sep Oct Nov Dec
2019: Jan Feb Mar Apr May Jun Jul Aug Sep Oct Nov Dec

Report for 2023 February

Daily noaa report



                            MONTHLY CLIMATOLOGICAL SUMMARY for FEB. 2023

NAME: SatelliteGuys   CITY: Newington STATE: Connecticut
ELEV: 0 LAT: 041:41:00 LONG: 0072:43:00

                            TEMPERATURE ( °F), RAIN (in.), WIND SPEED (mph)

                                               HEAT     COOL           AVG
      MEAN                                     DEG      DEG            WIND                      DOM
DAY   TEMP    HIGH   TIME     LOW    TIME      DAYS     DAYS    RAIN   SPEED   HIGH    TIME      DIR
--------------------------------------------------------------------------------------------------------
01    28.0   036.6   15:26    22.8   00:00     36.9     00.0   00.00   001     012    13:56     NNE
02    28.5   038.5   15:10    18.1   07:03     36.4     00.0   00.00   002     015    15:28     SSW
03    17.5   031.9   01:09   -02.1   00:00     47.4     00.0   00.00   004     024    22:55      NW
04    06.0   017.3   15:27   -06.5   06:53     58.9     00.0   00.00   002     023    01:21      W 
05    34.4   046.5   13:17    14.2   00:25     30.5     00.0   00.00   003     017    10:01     SSW
06    37.7   052.1   13:13    29.6   06:15     27.3     00.0   00.00   001     017    12:32      E 
07    31.7   040.0   14:31    24.1   07:35     33.2     00.0   00.07   001     013    16:46      S 
08    39.5   051.2   15:21    31.6   07:50     25.4     00.0   00.00   001     015    14:08      W 
09    38.0   046.9   21:06    26.7   06:09     26.9     00.0   00.00   000     009    16:07     ENE
10    50.8   060.3   11:18    42.2   21:07     14.1     00.0   00.00   003     020    13:48      W 
11    37.9   046.2   15:06    29.3   23:56     27.1     00.0   00.00   002     021    08:19      NW
12    37.4   048.1   14:51    27.4   07:57     27.6     00.0   00.00   001     006    14:50     SSW
13    41.0   050.8   14:51    34.5   07:34     23.9     00.0   00.00   001     013    10:42     ENE
14    43.8   054.6   15:37    32.5   00:00     21.1     00.0   00.00   002     015    06:02      N 
15    46.7   060.4   15:03    31.0   02:24     18.3     00.0   00.00   003     020    15:05     SSW
16    56.5   067.5   14:05    45.1   07:59     08.5     00.0   00.00   002     014    12:54      SW
17    45.8   055.9   13:34    29.0   00:00     19.2     00.0   00.13   003     018    15:50     SSW
18    32.0   042.4   15:55    23.0   07:22     32.9     00.0   00.00   002     016    01:18      W 
19    39.0   047.3   13:51    28.9   06:58     25.9     00.0   00.00   002     018    14:14      S 
20    49.6   061.1   15:22    42.9   00:00     15.3     00.0   00.00   002     016    15:19     WSW
21    38.6   042.9   00:05    33.6   07:17     26.3     00.0   00.18   001     009    17:52     ENE
22    35.3   040.6   15:03    28.5   07:13     29.6     00.0   00.07   001     008    10:14      NE
23    32.8   034.7   08:59    31.1   14:08     32.2     00.0   00.24   001     010    01:21      NE
24    30.2   036.4   09:18    21.3   23:38     34.8     00.0   00.01   002     022    12:44      N 
25    20.7   024.5   14:37    17.3   00:00     44.2     00.0   00.01   001     009    01:19     SSE
--------------------------------------------------------------------------------------------------------
36.0 (35.8)   67.5  day 16    -06.5  day 04   724.0    000.0   00.71   01.8     024   day 19      SW
Max <  32: 3
Min <  86: 25
Min <   0: 2
Max < 23: 1
Min <  23: 8
Min <   5: 2
Min <   0: 2
Min <  -4: 1
Max Rain: 0.24 ON 23-02-23
Days of Rain: 7 (> .008in) 3 (> .08in) 0 (> 0.8in)