NOAA-Style Climate Reports

Select a Year or Month report
2024: Jan Feb Mar Apr May Jun Jul Aug Sep Oct Nov Dec
2023: Jan Feb Mar Apr May Jun Jul Aug Sep Oct Nov Dec
2022: Jan Feb Mar Apr May Jun Jul Aug Sep Oct Nov Dec
2021: Jan Feb Mar Apr May Jun Jul Aug Sep Oct Nov Dec
2020: Jan Feb Mar Apr May Jun Jul Aug Sep Oct Nov Dec
2019: Jan Feb Mar Apr May Jun Jul Aug Sep Oct Nov Dec

Report for 2024 April

Daily noaa report



                            MONTHLY CLIMATOLOGICAL SUMMARY for APR. 2024

NAME: SatelliteGuys   CITY: Newington STATE: Connecticut
ELEV: 0 LAT: 041:41:00 LONG: 0072:43:00

                            TEMPERATURE ( °F), RAIN (in.), WIND SPEED (mph)

                                               HEAT     COOL           AVG
      MEAN                                     DEG      DEG            WIND                      DOM
DAY   TEMP    HIGH   TIME     LOW    TIME      DAYS     DAYS    RAIN   SPEED   HIGH    TIME      DIR
--------------------------------------------------------------------------------------------------------
11    56.9   060.0   00:00    53.1   12:01     08.0     00.0   00.27   002     013    23:27      SE
12    58.7   062.0   06:54    52.0   23:51     06.2     00.0   00.85   004     022    06:28      S 
13    49.4   054.0   12:05    45.4   20:40     15.5     00.0   00.01   004     022    14:42     WSW
14    49.8   059.9   15:01    42.7   05:51     15.2     00.0   00.16   002     016    10:49      W 
15    58.4   074.5   14:53    44.6   03:24     06.5     00.0   00.01   001     020    14:30      N 
16    58.0   070.7   15:50    43.6   06:27     07.0     00.0   00.00   001     015    13:57      N 
17    50.2   060.9   13:39    42.6   06:26     14.7     00.0   00.12   001     010    15:48      N 
18    43.7   045.0   10:37    42.2   05:56     21.2     00.0   00.84   001     012    05:04      N 
19    49.8   059.9   12:28    43.7   06:15     15.1     00.0   00.00   002     015    16:20      N 
20    52.1   065.0   17:12    44.9   00:00     12.9     00.0   00.22   002     015    18:45      N 
21    44.7   051.2   14:04    35.5   06:37     20.2     00.0   00.00   001     014    00:16     NNW
22    47.5   065.6   15:44    31.6   06:21     17.5     00.0   00.00   001     012    18:04     NNE
23    49.0   063.8   14:02    33.2   06:36     15.9     00.0   00.00   002     017    16:31      S 
24    53.6   069.0   15:40    43.2   00:00     11.4     00.0   00.00   002     016    15:39      W 
25    45.8   060.5   16:59    33.3   06:47     19.2     00.0   00.00   001     013    18:34      E 
26    48.2   064.0   17:45    32.7   06:50     16.7     00.0   00.00   001     013    18:18      S 
27    50.1   062.3   13:50    37.6   06:50     14.9     00.0   00.01   002     017    14:19     SSW
28    55.0   069.7   16:00    43.6   02:40     10.0     00.0   00.13   001     010    13:05      S 
29    66.0   078.8   14:47    55.3   00:00     00.0     01.1   00.00   001     010    14:47      E 
30    57.5   066.2   12:34    51.7   23:37     07.4     00.0   00.09   001     010    15:34      SE
--------------------------------------------------------------------------------------------------------
52.2 (52.9)   78.8  day 29     31.6  day 22   255.5    001.1   03.99   01.7     022   day 15     WNW
Min <  86: 20
Max Rain: 0.85 ON 12-04-24
Days of Rain: 11 (> .008in) 8 (> .08in) 2 (> 0.8in)



Number of visitors since April 1, 2024
Free Website Hit Counter
Free website hit counter